. Calculate the remainder when b(-6) is divided by j(-7).
25
Suppose -4*o = -5*c + 440, -3*c + 3*o + 261 = -0*o. What is the remainder when c is divided by 16?
12
Suppose -5*k + 4*d + 174 + 88 = 0, 3*k + 3*d - 168 = 0. Calculate the remainder when k is divided by -1 - ((-28 - 4) + 2).
25
Let i(o) = o**3 - o**2 + o + 1. Suppose -10*g - 12 = -14*g. What is the remainder when i(g) is divided by 12?
10
Suppose -30*f = -39*f + 684. What is the remainder when 153 is divided by f?
1
Let t be (-237)/(-12) - 2/(-8). Suppose 5*m = -t, 2*q - 19 - 11 = m. Let l(p) = -12*p**3 + 9*p + 6. What is the remainder when q is divided by l(-1)?
4
Suppose 0 = 4*h - 2*h - m - 33, -4*h + 4*m = -76. Calculate the remainder when 276 is divided by h.
10
Let c = 1576 - 1569. Let b = 96 + -56. What is the remainder when b is divided by c?
5
Let t(g) = 6*g**3 - g**2 + 2*g + 5. Let x(o) = -o**3 + 10*o**2 - 7*o - 4. Calculate the remainder when x(6) is divided by t(2).
45
Let f = 1 - -1. What is the remainder when 45 - 1 - (f - 0) is divided by (-2)/((34/15)/(-17))?
12
What is the remainder when -1*8/((-24)/1419) is divided by 19?
17
Let q = -218 - -305. Calculate the remainder when q is divided by 15.
12
Let j be (-1)/5 - 936/(-30). Let x = -17 + j. What is the remainder when 39 is divided by x?
11
Let g(i) = -2 - 7 - 1 - 2*i. Let w(t) = -2*t**3 - 32*t**2 - 29*t + 20. Calculate the remainder when g(-9) is divided by w(-15).
3
Suppose -5*y + 10 = k, 0 = -3*k + 2*y - 0*y + 13. Let t = 33 - k. What is the remainder when t is divided by 10?
8
Let h be 3 + (0 - (2 - 1)). Suppose -h*c = 35 - 261. Calculate the remainder when c is divided by 23.
21
Let p = -82 - -56. Calculate the remainder when 5 is divided by (-74)/p - 10/(-65).
2
Suppose 7990 = 43*u + 51*u. What is the remainder when u is divided by 7?
1
Let n(b) = 2*b**2 - b + 6. Let r = 7 - 14. Let s(a) = a**3 + 8*a**2 + 4*a + 8. Calculate the remainder when n(-6) is divided by s(r).
26
Suppose 0 = 903*n - 882*n - 168. Suppose 0 = -q + 6*q. Suppose 0 = -y + l + 4*l + 23, -3*y - 3*l - 3 = q. What is the remainder when n is divided by y?
2
Let m(j) be the first derivative of 5*j**2/2 - 53*j + 3. What is the remainder when 32 is divided by m(13)?
8
Suppose -10 = -y - q, -4*y - 4*q = -9*q - 58. Suppose 122 = 5*n - 4*w, 2 - 96 = -4*n + 2*w. What is the remainder when n is divided by y?
10
Let k = -305 - -314. Calculate the remainder when 37 is divided by k.
1
Let y = 89 - 65. What is the remainder when y is divided by -1*(-21)/(9/3)?
3
Suppose 2*t - 4*t = -2. What is the remainder when (-2)/(-6) - t - 244/(-6) is divided by 15?
10
Let h(s) = -s**2 + 30*s + 174. What is the remainder when h(30) is divided by 173?
1
Let r(i) be the second derivative of -17*i**5/10 - i**4/4 + i**2 + 18*i. What is the remainder when r(-1) is divided by 7?
5
Let c(y) = 29*y**3 + y**2 + y - 1. Suppose 2 + 1 = 3*t. Suppose -3*k + 7*k = 3*f - 162, 4*f = 4*k + 220. What is the remainder when f is divided by c(t)?
28
Suppose 5*m + 19 = -2*d, -5*m + 0*m - 10 = 5*d. Let r(j) = 9*j**2 + 4*j - 3. Calculate the remainder when r(1) is divided by d.
1
Suppose -30*w + 22796 = 11*w. What is the remainder when w is divided by 62?
60
Let m(u) = 5*u**2 - 41*u + 94. Calculate the remainder when 257 is divided by m(7).
49
Let x = 3211 + -6158. Let g be 4/6 - x/21. Suppose -5*o + o = -h - g, 68 = 2*o + 2*h. Calculate the remainder when o is divided by 9.
8
Let r(t) = t**3 - 5*t**2 + 4*t - 3. Let g be r(5). Suppose -4*d = -5 + g, -2*d = 3*k + 6. Let c = k - -5. What is the remainder when 17 is divided by c?
2
Let p(w) = 2*w + 45. Calculate the remainder when 118 is divided by p(-20).
3
Suppose -5*i = 3*p - 82, 0*p + 53 = 3*i - 2*p. What is the remainder when 9*(9 - 5 - 1 - -6) is divided by i?
13
Suppose -o - 4*o = 20. Let d(p) = -7*p - 3. Let c(l) = 14*l + 6. Let a(z) = o*c(z) - 9*d(z). Calculate the remainder when a(4) is divided by 11.
9
Suppose -4*d = -5*m + 328, -162 = 2*d - m - m. Let o = -70 - d. What is the remainder when 32 is divided by o?
4
Let i be 3/12 + (-15)/(-4). Suppose i*u - s - 52 = -0*u, -40 = -5*u - 5*s. Suppose -5*q + u = -48. What is the remainder when 35 is divided by q?
11
Let b = 175 - -213. Calculate the remainder when b is divided by 99.
91
Suppose 0 = -3*y + 8*y - 4*c - 51, c = -4. What is the remainder when 41 is divided by y?
6
Let b = -124 + 181. Let j be -3 + -2 + 1 + -1. Let k = j + 20. What is the remainder when b is divided by k?
12
Let p = 6485 - -2186. Calculate the remainder when 6/10 - p/(-65) is divided by 8.
6
Suppose -2*n = -0*n - y - 228, 5*n = 3*y + 569. Calculate the remainder when n is divided by 35.
10
Let f be (7 - -1)/(2/11). Let q = f + -30. What is the remainder when 25 is divided by q?
11
Let q be 2 - 8/6 - (-218)/(-3). Let r = -52 - q. Calculate the remainder when r is divided by 15.
5
Let h(i) = -i**2 - i + 8. Let c be h(4). What is the remainder when 775/10*c/(-15) is divided by 13?
10
Suppose 4*h = c + 180, 4*h + 5*c = 2*h + 68. What is the remainder when 56 is divided by h?
12
Let l = 182 + -160. Calculate the remainder when l is divided by 15.
7
Suppose 0 = 2*s + s - 468. Suppose -132 = -5*v + 3*c - c, 0 = 5*v + 4*c - s. Calculate the remainder when v is divided by 16.
12
Let c(h) = -8*h - 21. Let z be c(-4). Let k = 34 + z. What is the remainder when k is divided by 24?
21
Let t = 20 - 23. Let a = 19 + t. Calculate the remainder when 63 is divided by a.
15
What is the remainder when 3 is divided by 9*((-6)/(-27))/((-10)/(-15))?
0
Let m = 88 - -29. What is the remainder when m is divided by 5?
2
Let o(i) = -i**3 - 5*i**2 - i + 5. Let f(n) = n**2 + 2*n - 1. Let w(c) = 4*f(c) - o(c). Suppose -2*s - s = 21. What is the remainder when 76 is divided by w(s)?
24
Let d(h) = 3*h**3 + 3*h**2. Let g be d(-2). Let x = 22 + -12. What is the remainder when (-234)/(-4)*g/(-18) is divided by x?
9
Let a(q) = 53*q**2 + q. Let u be a(-1). Let g = u + 20. Calculate the remainder when g is divided by 25.
22
Suppose -7*p - 25 = -12*p. Suppose 4*c = -0*c - p*k + 317, -k - 214 = -3*c. Calculate the remainder when c is divided by 15.
13
Let v be (-6 + 2)/((-2)/3). Let b = -3 + v. Suppose j + 34 = b*j. What is the remainder when 30 is divided by j?
13
Let g(t) = -t**2 + 8*t - 6. What is the remainder when (-10 + (-36)/(-4))*-13 is divided by g(5)?
4
Let d = 612 + -603. What is the remainder when d is divided by 4?
1
Let i = -139 - -224. What is the remainder when i is divided by 7?
1
Let n = 35 - -155. What is the remainder when n is divided by 87?
16
Let y = -9645 - -9678. Let c(x) = x + 1. Let v be c(-1). Suppose v*m = 4*m - 68. Calculate the remainder when y is divided by m.
16
Suppose d = -3*m + 137, -d - 213 = -5*m + 26. What is the remainder when m is divided by 32?
15
Suppose -280 = -4*f - 2*m, 0 = -2*f - f + 5*m + 210. Suppose 8*z - f = -6. Calculate the remainder when 13 is divided by z.
5
Let y be 3 - (-3 - (-1 - -93)). Let p be (2/7)/(7/y). Suppose 2*w - 4*q - 5 - 27 = 0, -p*q = 5*w - 66. Calculate the remainder when 39 is divided by w.
11
Suppose 5707 = 30*p - 83. What is the remainder when p is divided by 29?
19
Suppose -q - 12 = -21. Suppose p - 2*v = 2*v + q, 0 = 3*p + 5*v - 61. Suppose 0*s + 18 = 2*s. What is the remainder when p is divided by s?
8
Let j(x) = 6*x**2 + 4*x - 1. Let c = 16 - -40. What is the remainder when j(-3) is divided by (c/(-16))/((-1)/6)?
20
Let w(p) = 3*p - 2*p + 7 - p**3 + 0*p - 6*p**2 + 2. Calculate the remainder when 9 is divided by w(-6).
0
Let h = -6 - -3. Let x(w) = 7*w**2. Let c be x(-1). Let i = c + h. Calculate the remainder when i is divided by 3.
1
What is the remainder when 3 + 429 + (1 - 7 - -2) is divided by 43?
41
Let i(q) = -3*q + 5. Let l be i(-6). Suppose 4*w = l - 7. Suppose 0 = -2*v + w*u + 18, 0 = v + 4*v - 3*u - 73. What is the remainder when v is divided by 9?
8
Let r be ((-6)/(-4))/((-6)/8). Let b(a) = -2*a**3 - 5*a**2 - a - 2. Calculate the remainder when (-2 + (-33)/r)*2 is divided by b(-3).
9
Suppose -4*i = -5*v - 12, -20*v = -i - 23*v + 20. Suppose 15 + 41 = 4*p. What is the remainder when p is divided by i?
6
Suppose 5*i - 55 = -0*i. Suppose 0*g = 4*g - 24. Suppose 2*z + 9 = 5*t - 0, -2*t + 4*z = g. Calculate the remainder when i is divided by t.
2
Let c = 375 + -339. 